at is the units digit of f(n)?
9
Suppose -54 = -5*a + 31. Suppose 3*v - a = -2. Suppose v*f - 5*r = 55, -3*f + 2*f - 1 = -5*r. What is the tens digit of f?
1
Suppose -3*h = -3*p + 81, 0 = -2*p + 4 + 2. Let q = h + 34. What is the tens digit of q?
1
Let d = -5 + 2. What is the units digit of (-9 + 1)/(3/d)?
8
Let y = -1 + 5. Let i(v) = v**2 - 3*v + 1. What is the units digit of i(y)?
5
Let d be 1*(-2 + 1 - -4). Suppose l - 50 = 2*c, 3*l - 4*c - 87 = 53. Suppose -p - d*p + l = 0. What is the tens digit of p?
1
Let b(y) = y**3 - 7*y**2 + 14*y - 6. What is the units digit of b(8)?
0
Let b = -4 + 6. Let v = -6 + 7. Let a = b - v. What is the units digit of a?
1
Suppose 0 = -3*v + 8*v - 20. What is the units digit of v?
4
Let u be (12/10)/(3/(-105)). Let b(p) = -7*p**2 + 4*p - 3. Let s be b(2). Let q = s - u. What is the tens digit of q?
1
Let y = 86 - -87. What is the tens digit of y?
7
Suppose -4*u - 1 + 21 = -4*n, 0 = 2*u + 4*n - 22. What is the units digit of u?
7
Let j(y) = -y + 4. Let l be j(-8). Suppose 0 = 5*z + 5*w, -2*z = -0*z + 5*w + l. What is the units digit of z?
4
Let b(s) = -s**3 - 15. Let p be b(0). Let o = 9 + p. Let f = o + 8. What is the units digit of f?
2
Suppose 5*j - 179 = 176. Suppose 0 = -4*a + m + j + 14, -3*m = -2*a + 45. What is the tens digit of a?
2
Let s = -14 - -7. Let h(o) = -4*o + 7. What is the units digit of h(s)?
5
Let r(t) = -t - 8 + 4*t + 0*t. What is the units digit of r(7)?
3
Let b be (6 + 0)*6/9. Suppose -b = -s - 3. Suppose t - s = -0. What is the units digit of t?
1
Let x(a) = 2*a**3 - 7*a**2 + a + 1. What is the tens digit of x(5)?
8
Let o(i) = 4*i**2 - 8*i + 4. Let g(x) = -x**2 + 2*x - 1. Let d(p) = -9*g(p) - 2*o(p). Let u be d(6). Let c = u - 17. What is the units digit of c?
8
Suppose 0 = 3*b - 7*b + 24. Suppose -276 = -0*p - b*p. What is the tens digit of p?
4
What is the units digit of 106/(-5*8/(-20))?
3
Let w = 1072 + -601. What is the units digit of w/9 + (-4)/12?
2
Let m(c) be the first derivative of c**2/2 + 9*c + 1. Let i be (-10 - -6) + (-1)/1. What is the units digit of m(i)?
4
Suppose -4*a = -9*a, -a = i - 2. Suppose i*b = -j + 9, -3*b = j - 13 - 0. Suppose o = b*o - 15. What is the units digit of o?
5
Let p(u) be the third derivative of u**4/24 + 3*u**3/2 + 4*u**2. Suppose 4*m = m. What is the units digit of p(m)?
9
Let n be (-1 + (-1 - -1))*-19. Suppose 5*w - 4 + n = 0. Let u = w + 4. What is the units digit of u?
1
Let c(a) = -15*a + 10. What is the hundreds digit of c(-16)?
2
Let q(l) = -l**2 - 9*l - 4. Let v be q(-8). Suppose -i + v*b = 11 + 3, 18 = i + 4*b. What is the units digit of i?
2
Suppose r = 73 - 15. What is the tens digit of r?
5
Suppose -2*h = 10, z + 5*h = -3*z - 1. Let r be (-220)/(-16) + z/(-8). Let l = -7 + r. What is the units digit of l?
6
Let u(y) = -3*y**2 + 14*y + 9. Let o(n) = 4*n**2 - 21*n - 13. Let t(s) = 5*o(s) + 7*u(s). Let g(d) = -6*d. Let q be g(1). What is the units digit of t(q)?
4
Let b(a) = -9*a + 7 + a**2 - 3*a + 6*a - 8*a. What is the units digit of b(14)?
7
Suppose -6*j + 171 = -99. What is the units digit of j?
5
Let u(y) = -y**3 - 10*y**2 - 3. Let q be u(-10). Let j(d) = 3*d**2 + 3*d - 1. What is the tens digit of j(q)?
1
Suppose -q = -c + 47, -3*c + 137 = q - 3*q. What is the units digit of c?
3
Suppose 0 = -5*m - 0*m. Suppose 2*n - i - 14 = -m*i, -5*i + 28 = 4*n. What is the units digit of n?
7
Let a be 26/6 + (-2)/6. Suppose 1 = a*x - 0*x - 5*v, -3*x - 8 = 5*v. What is the units digit of (1 + (-9)/1)*x?
8
Let s(d) = -3*d + 4*d + 17*d**2 - 3*d**2. What is the tens digit of s(1)?
1
Suppose 3*h - 10 = 2*h + 3*k, 0 = h + 2*k. What is the units digit of (h - (1 + 1))*1?
2
Let n = -24 + 49. What is the tens digit of n?
2
Suppose 5*k - 3 = -0*k - 3*i, 3*i = 3*k + 3. Suppose 4*z + k*z = b + 18, 4*b = z - 12. What is the units digit of 1 - (1 - z) - -2?
6
Let a(z) = -z**3 - 3*z**2 - 3. Let t be a(-3). Let s = 8 + t. Suppose -i + 6*i + 50 = s*v, -3*v + 4*i + 33 = 0. What is the units digit of v?
7
Let q(u) = -5*u**3 + 4*u + 4. Let i be q(-3). Suppose -5*a + 53 = -i. Suppose -2*z + 4*v = -a, 3*v - 6 = 5*z - 68. What is the tens digit of z?
1
Suppose 24*r = 20*r + 124. What is the tens digit of r?
3
Let h be 3*(3 + (-22)/6). What is the units digit of h/(-5) + 13/5?
3
Let d = 54 - 5. Suppose -4*r + d = 3*z, 2*z + 0*z - 2*r - 14 = 0. What is the tens digit of z?
1
Suppose 2 = m + 3*q, 7*q + 48 = 5*m + 3*q. What is the units digit of m?
8
Let n = 14 + -13. What is the units digit of n?
1
Suppose -23 = d - 92. What is the units digit of d?
9
Suppose 3*y = 8*y - 130. What is the units digit of y?
6
What is the units digit of 41/(-2 + 3) + -2?
9
Suppose -5*w + 2*w - 3 = 0. Let q be (23/(-3))/(w/(-9)). What is the units digit of q/(-15) + 2/5?
5
Let h(j) = 4*j - 6. Suppose -4 = -n + 1. What is the units digit of h(n)?
4
Suppose 4*s - 60 = -2*x, -s + x + 1 = -20. What is the tens digit of s?
1
Let m = 0 - 2. Let u = 10 + m. What is the units digit of u?
8
Suppose -7*k + 225 = -2*k. What is the units digit of k?
5
Suppose 4*a - 5*a + 102 = 0. What is the hundreds digit of a?
1
Suppose -3*x = -0*x + 12. Let v be x/30*-21*5. What is the units digit of 78/21 + 4/v?
4
Let o(r) = r**3 - 5*r**2 - 4*r. Let h be o(6). Let z(v) = v**2 + 1 - 2*v + 0*v**2 - 9*v. What is the tens digit of z(h)?
1
Let w(z) = -z + 6 - 4*z + z**2 + 0. What is the tens digit of w(8)?
3
Let s = 39 - -8. What is the units digit of s?
7
Let y = -222 + 489. What is the tens digit of y?
6
Let r(v) = -v**3 + 4*v**2 - v + 2. Let c be r(4). What is the units digit of ((-4)/c - 4) + 3?
1
Let b(p) = p**3 - 5*p**2 + 3*p - 7. What is the units digit of b(5)?
8
Let v = 4 - 5. Let m(c) = -2*c**3 + 2*c**2 - 1. Let q be m(v). What is the units digit of (-2 + q*2)*1?
4
Suppose 232 = 4*f + 4*w, 3*w = 4*f + 37 - 283. Suppose n = 6*n - f. What is the tens digit of n?
1
Suppose 4*a + 64 = 3*m - 0*a, -5*m = -a - 118. Suppose 36 = 5*w - m. What is the tens digit of w?
1
Let y(b) = -25*b + 29. What is the units digit of y(-3)?
4
Suppose -2*j = j - 9. What is the units digit of j?
3
Suppose -4*j - 54 = -j. Let i = -15 - j. What is the units digit of i?
3
Let q(t) = -t**3 - 3*t**2 + 1. Let h be q(-4). Let z = 23 + h. Suppose -3*d + z = 2*d. What is the units digit of d?
8
Suppose -2*v - 4*p = -10, -3*v + v = -5*p - 1. Suppose m - 2*m + v = 0. What is the units digit of m?
3
Let t = -28 - -60. What is the tens digit of t?
3
Let s = -5 + 72. What is the units digit of s?
7
Let w(i) = 6*i - 9. Let a be w(6). Suppose -a + 122 = 5*g. What is the units digit of g?
9
Let z(g) = 0 - 3 - g + 0. Let i(n) = -n**3 - 6. Let j be i(0). What is the units digit of z(j)?
3
Let b = 0 + 0. Suppose -z + 6 = -b. What is the units digit of z?
6
Let z(j) = 40*j + 24. What is the tens digit of z(6)?
6
Let u be ((-85)/15)/((-1)/9). Suppose 0 = -2*j - o + u, 4*j + 3*o - 23 = 3*j. What is the units digit of j?
6
Let b be 3*-3*1 - -2. What is the units digit of 805/49 - (-3)/b?
6
Let f(q) = q**3 - 4*q**2 - 5*q + 3. Let g be f(5). Let w = -2 + g. What is the units digit of w?
1
Suppose 4*c = -c. Suppose c = 2*y - y. Suppose y*r - r + 11 = s, 12 = 3*r - 4*s. What is the units digit of r?
8
Suppose d + 14 = 75. What is the tens digit of d?
6
Let g(i) = i. Let o be g(3). Suppose -2*u + 2*t + 3*t - 1 = 0, 3*t + 12 = o*u. What is the units digit of u?
7
Let o be 38/(-8) - 12/(-16). Let r(w) = -2*w + 3 - 6 - 3. What is the units digit of r(o)?
2
Let m(n) be the second derivative of -n**5/20 + 2*n**4/3 - 7*n**3/6 + n**2/2 - 4*n. What is the units digit of m(6)?
1
What is the tens digit of 330/9*(-6)/(-4)?
5
Let w be (0 - 1)*17 - -2. Let h = w + 21. What is the units digit of h?
6
Let m(u) be the first derivative of -u**4/4 - 4*u**3/3 - 2*u**2 + u + 1. Let y be m(-3). Let a = y + 0. What is the units digit of a?
4
Let y(v) = -v**2 + 3*v + 2. Let n be y(-2). What is the units digit of (n/24)/(2/(-18))?
3
Let w(j) = 32*j**3 - 2*j**2 - j + 2. What is the tens digit of w(1)?
3
Let m be 0 + 5 - (-8 + 10). Suppose 7*n = m*n + 24. Let j = n - 1. What is the units digit of j?
5
Suppose -5*u = -2*o + 3*o - 252, 0 = -5*u + 15. What is the tens digit of o?
3
Let z = 26 - -9. Suppose 5*y = z - 0. What is the units digit of y?
7
Let w = -47 - -113. What is the units d